ppose -18*v = -19*v - 1, 4*l + 2*v - 70 = 0. Suppose -21 = -4*p - 5, s - 4*p + 51 = 0. Let i = -1 - s. Calculate the remainder when i is divided by l.
16
Suppose 0 = 5*g + 2*g - 35. Suppose -4*o = 3*k - 595, -g*o + 735 = 4*k - 2*k. What is the remainder when o is divided by 51?
43
Let r(s) = -16*s + 3. Let j(i) = -32*i + 6. Let a(c) = 2*j(c) - 5*r(c). What is the remainder when 28 - (-32)/(8/(-2)) is divided by a(1)?
7
What is the remainder when (2079/(-924))/((3/1316)/(-1)) is divided by 66?
63
Let u(s) = -151*s**2 + 5588*s - 19. Let l = -1 + 2. What is the remainder when -1 + l - (0 + -49) is divided by u(37)?
13
Let y be (-25)/5*1 - -7. What is the remainder when 167 is divided by y/14*-2 - 348/(-42)?
7
Let o(v) = 145*v**2 + 62*v + 124. What is the remainder when o(-8) is divided by 297?
295
Let s(d) = 102*d - 52. Suppose 7*t + 30 = 37*t. What is the remainder when 146 is divided by s(t)?
46
Let z = -4490 + 4512. Let b be 20/(-3) + 2/3. Let r = b - -89. What is the remainder when r is divided by z?
17
Let p be 6920/25 - -3 - 24/30. Let d = p - 113. What is the remainder when d is divided by 28?
26
Let u = -345 - -360. Let a(q) = -q + 16. Let i be a(15). Let w(k) = 39*k - 3. Calculate the remainder when w(i) is divided by u.
6
Let w = -13706 + 13755. What is the remainder when 2057 is divided by w?
48
Suppose -a = -5*h + 1172, 2*h + 228*a - 233*a = 478. What is the remainder when h is divided by 6/(-9) + 286/6?
46
Let q(v) = -4*v + 22*v + 39 + 2*v - 6*v + 5*v**2. What is the remainder when q(-6) is divided by 34?
33
Suppose 0 = u - 2*u + 46. Let i(s) = -80*s + 28 + 42*s + u*s + s**2. Calculate the remainder when 109 is divided by i(-6).
13
Let d = 0 - -12. Let l = -23 - -48. Suppose 3*i - l = 29. Calculate the remainder when i is divided by d.
6
Suppose -2*u + 4*o = -7*u + 530, -u + 97 = -o. Suppose 13*h - 98 = 6*h. Let p = h + 12. What is the remainder when u is divided by p?
24
Let j(m) = -21*m - 9. Let y(i) = 11*i + 4. Let b(x) = 2*j(x) + 5*y(x). Let k be b(7). Suppose -k = -7*r + 4*r. What is the remainder when 184 is divided by r?
29
Suppose -5*d + 7*v + 36 = 6*v, -2*d - 2*v + 24 = 0. What is the remainder when 98 is divided by (150/18)/(d/24)?
23
Suppose 0 = 85*n - 142*n + 2280. What is the remainder when 3917 is divided by n?
37
Let t(v) = 6*v + 11. Let f(g) = -8*g - 13. Let j(o) = -2*f(o) - 3*t(o). What is the remainder when 98 is divided by j(-9)?
10
Let m be 88/(-8) - -3 - -14. Calculate the remainder when 4/m*(-6 - (-8154)/12) is divided by 75.
74
Let k = -90 + 51. Suppose 120*a - 143*a + 207 = 0. What is the remainder when (-4)/8*-4 - k is divided by a?
5
Let a = 2949 - 2881. Calculate the remainder when 3805 is divided by a.
65
Let s(i) = 76*i**2 + 119*i - 29. What is the remainder when s(-10) is divided by 168?
165
Suppose -3*o + 0*o - 8*o = -6655. Calculate the remainder when o is divided by 19.
16
Suppose s + 1512 = 11*s - 2*s. What is the remainder when s is divided by 36?
9
Let o = 16 + -9. Let j(n) = 9*n - 211. Calculate the remainder when j(27) is divided by o.
4
Let x(m) = 16*m**2 + m + 2. Suppose 127*v - 364 = -3*d + 132*v, 5 = -v. What is the remainder when d is divided by x(-1)?
11
Let k = -20724 + 20937. Calculate the remainder when 1321 is divided by k.
43
Suppose 78414 = 11*k - 14*k + 24*k. Calculate the remainder when k is divided by 42.
38
Suppose -5*m = 2*b + b - 21, 0 = 2*m - 6. Suppose 0 = -b*l, -n - n = l - 48. Calculate the remainder when 47 is divided by (-114)/(-8) + 2 - 6/n.
15
Suppose 635 + 121 = 27*i. Calculate the remainder when (2 - -1) + -1 + 79 is divided by i.
25
Let d be 2/8*((-1)/(-1) + -5). Let x be -60 - (-3 - 4/d). Let r = -29 - x. Calculate the remainder when 94 is divided by r.
30
Let l(p) = 9*p - 61 - 16 - 2*p**2 + 0 + 45*p - 10. What is the remainder when 85 is divided by l(25)?
7
Suppose 2309 = 3*c + a + 514, 0 = -4*c - 3*a + 2395. Let f = 640 - c. What is the remainder when 161 is divided by f?
35
Let i = -3866 - -3918. Calculate the remainder when 2910 is divided by i.
50
Let h = 18782 - 18730. What is the remainder when 197 is divided by h?
41
Let y(c) = -c**2 - 9*c + 10. Let t be y(-10). Suppose t*l - 2*l = -24. Let o(h) = h**3 + 9*h**2 + 8*h + 7. What is the remainder when l is divided by o(-8)?
5
Suppose 29*c = 2*v + 31*c - 70, 0 = 5*v - 4*c - 157. Suppose v = -20*x + 21*x. What is the remainder when x is divided by 19?
14
Suppose 0 = n - 2*n + 26. Let v be (-24)/20*-5 - -7. What is the remainder when 2/2 + 637/v is divided by n?
24
Let x = 42 + -48. Let g(c) = -c**3 + 9*c - 8*c**2 - 23*c + 2 + 0*c**3. What is the remainder when g(x) is divided by 10?
4
Suppose -x + 417 = 4*f, 11*x - 16*x + 2016 = -3*f. Suppose 10*d + x = 37*d. Calculate the remainder when 627 is divided by d.
12
Let m = -1051 + 2241. Suppose 2*z + 8*z = m. What is the remainder when z is divided by (14 + (-20)/(-10))/((-2)/(-5))?
39
Let k be (-1)/3 + 209/33. Calculate the remainder when k/4*14/(63/9) is divided by 1.
0
Suppose t + 2 = -s, -3*s + 22 = -2*t - 2*t. Let p(b) = 106*b**2 - 104*b**s + 2*b - 96*b**3 - b. Calculate the remainder when p(-1) is divided by 25.
22
Let u be ((-3)/(-1))/(5957/(-1484) - -4). Let v = -184 - u. Calculate the remainder when 83 is divided by v.
27
Suppose 0 = -3*o - o - 4*d + 940, 2*o = d + 473. Let x = 43312 + -43272. What is the remainder when o is divided by x?
36
Let q be 3 + -3 - 0/5. Suppose 9*r - 8*r - 307 = q. Calculate the remainder when r is divided by 22.
21
Let c = 14 + -8. Suppose 0 = h + 3 + c. What is the remainder when (-1231)/h + (-2)/(-9) is divided by 35?
32
Let i(f) = f**2 + 2*f + 1. Let c be (-904)/(-18) - (-8)/(-36). Suppose 6*y + c = 8*y. Calculate the remainder when y is divided by i(2).
7
Suppose -4*k - i + 102 = 2*i, 0 = -k + 4*i + 16. Suppose -3*u = 417*z - 421*z - 324, u + z = 115. What is the remainder when u is divided by k?
16
Let u(x) = 33*x - 10. Let s be u(5). Let i = s - 149. What is the remainder when 17 is divided by i?
5
Let f(d) = -26*d + 214. Calculate the remainder when 392 is divided by f(5).
56
Suppose -2*h = 4*u - 7178 + 2064, -4*h - 3*u = -10228. Calculate the remainder when h is divided by 320.
317
Let o(f) = -6*f**3 + 15*f - 8. What is the remainder when o(-3) is divided by 10?
9
Suppose -4*u + 4*l + 196 = 0, -4*l + 6 + 98 = 2*u. Suppose 5*k + k - 294 = 0. Let q = -31 + k. What is the remainder when u is divided by q?
14
Let x = -28 - -50. Let n(r) = 13*r**2 + 5*r. Let u be n(2). Suppose -4*b = -u + 30. What is the remainder when x is divided by b?
6
Let m = -35 - -37. What is the remainder when (35 - 43)/(-1 + (0 - 1)) is divided by m?
0
Suppose -3*h + 11 + 4 = w, -w + 23 = 5*h. Suppose 7*k - 5*k = 2, 0 = h*i + 4*k - 108. Let j = i + 10. What is the remainder when 141 is divided by j?
33
Suppose -12*u + 27711 = -19545. Suppose 5*x = -17*x + u. Calculate the remainder when x is divided by 44.
3
Let d = 16510 - 15741. What is the remainder when d is divided by 30?
19
Let c(o) = -9*o + 2. Suppose -5*y + 2*d + 82 = -2*d, -2*d + 4 = 0. Let u(k) = -k**3 + 20*k**2 - 34*k + 23. What is the remainder when u(y) is divided by c(-2)?
19
Let u = 5189 + -5097. What is the remainder when u is divided by 17?
7
Suppose 17*t = 32*t - 117*t + 2142. What is the remainder when 1425 is divided by t?
18
Suppose -95*n + 17400 = -8*n. Calculate the remainder when 1399 is divided by n.
199
What is the remainder when (-3 - 3)*((-2)/(-3) - 0) + 36 is divided by 9?
5
Suppose -21*m + r = -13*m - 818, -m + 79 = -4*r. What is the remainder when 574 is divided by m?
59
Suppose 8*z + z = 423. Suppose r - 4*h - 33 = 0, -3*r - 4 + z = 2*h. Calculate the remainder when 118 is divided by r.
16
Let a(f) = -4*f. Let c be a(-1). Suppose 2*h + 36 = 4*h + 2*i, 0 = -c*i + 4. Calculate the remainder when h is divided by (-4)/(-6)*(-63)/(-6).
3
Suppose 0*r - 1822 = -12*r - 466. What is the remainder when 920 is divided by r?
16
Let u(q) = -25*q - 177. Let a = -21 + 30. Calculate the remainder when u(-8) is divided by a.
5
Let b be (-1188)/(-27) - (-4 + 0). Suppose b + 227 = -5*t. Let j = 59 - t. Calculate the remainder when j is divided by 39.
36
Let s(d) = 7*d**2 + 132*d + 256. Calculate the remainder when 11499 is divided by s(-2).
19
Let o(u) = -u**3 + 16*u**2 - 9*u - 61. Le